he third derivative of 0*y - 20 - 1/2*y**4 + 1/60*y**5 - 2*y**3 - y**2. Give w(13).
1
Let m(c) be the second derivative of c**4/12 + 5*c**3/3 - 127*c**2/2 - 322*c. Give m(7).
-8
Let g(a) = 9*a**2 + 26*a + 15. Let p(q) = -5*q**2 - 14*q - 7. Let i be (-21)/28 + (-205)/20. Let m(d) = i*p(d) - 6*g(d). Give m(4).
-5
Let b(p) = p**3 + 13*p**2 - p - 11. Let a be b(-13). Let k(g) = 0*g + 52 - 53 - g + g**a. Let m(d) = d + 9. Let l be m(-6). Determine k(l).
5
Let i(s) = -s**3 - 12*s**2 + 4*s. Let d(l) = l**3 + 13*l**2 - 7*l + 1. Let x(r) = -3*d(r) - 4*i(r). Give x(-4).
57
Let f(t) = -41*t - 19. Let x(d) = -81*d - 39. Let g(a) = 2*f(a) - x(a). Suppose -j = -3*z - 21, 6*j = 4*z + j + 17. Determine g(z).
9
Let u(t) = -2*t**2 - 3*t. Let x be (6/(-2))/((-63)/(-84)) - 1. Let v be (-4 + (3 - 1))*(x + 7). Calculate u(v).
-20
Suppose j - 2*u = -5, 5*j = 3*j - 4*u - 18. Let r = 8 + j. Let v(w) = 12*w**3 - 1. Give v(r).
11
Let x(f) = 15 + f + 2*f**3 - 14*f + 14*f**2 - 37*f**2. Let d be x(12). Let o(y) = y**2 + y. What is o(d)?
12
Let n(a) = a**3 - 12*a**2 - 299*a + 3587. Let m be n(12). Let i(b) = 3*b**2 - 4*b + 1. What is i(m)?
8
Let f(w) = -w**2 - 14*w + 28. Suppose -20789*a - 75 = -20784*a. Give f(a).
13
Let i(q) = -q**3 + 8*q - 10. Let m be (-2)/24 + 2*((-2702)/(-336) - 8). Calculate i(m).
-10
Let j(u) = -u**2 + 2*u - 5. Let c(w) = 5*w - 66. Suppose y - a = -2*a + 10, -5*y = -3*a - 82. Let m be c(y). Determine j(m).
-13
Let m = 31 + -53. Let o = -19 - m. Let b(y) be the first derivative of -3*y**2/2 - 2*y + 54. Give b(o).
-11
Let x(z) = -5*z + 5. Suppose -83*l = 93*l + 1232. Give x(l).
40
Let g(f) = f**2 + 15*f - 6. Let h(a) = a**2 + 14*a - 7. Let b(q) = 3*g(q) - 4*h(q). Suppose -753 = 288*s - 120*s + 759. Give b(s).
28
Let y(j) be the second derivative of -13*j**3/6 + 3*j**2 + 120*j. What is y(4)?
-46
Let r(h) = -h**2 + 4*h + 9. Let i(x) = 3*x**3 + 113*x**2 - 39*x - 33. Let d be i(-38). Let t be -9*7/(-63)*d. What is r(t)?
4
Let l(j) be the second derivative of -11*j**5/60 - j**4/12 + j**3/6 - 25*j**2 - 41*j. Let o(c) be the first derivative of l(c). What is o(1)?
-12
Let d(y) = -2*y**3 + 34*y**2 + y - 30. Suppose 5*w = -150*t + 155*t + 60, 0 = -4*w - 4*t + 88. Give d(w).
-13
Let p(c) be the first derivative of 3*c**2 - 22*c + 379. Calculate p(10).
38
Let w = -707 + 707. Suppose p + n + 1 = 0, -2*p + n + 0*n - 17 = w. Let c(m) = -6 - m**2 - 2 + 2*m - 12*m. Determine c(p).
16
Let l = -988 - -992. Let q(z) = 2*z - 12. Determine q(l).
-4
Let i = 1 - 5. Let n(h) = -h**2 - 7*h - 6. Let l be n(i). Let y(u) be the second derivative of u**4/12 - 5*u**3/6 - 3*u**2 - 2*u + 100. Give y(l).
0
Let u(i) be the third derivative of i**4/24 - 4*i**3/3 - 34*i**2 + 3*i - 9. Suppose 5*s - 17 + 2 = 0. Determine u(s).
-5
Let w(h) be the third derivative of -h**4/24 + 35*h**3/3 + 13*h**2 - h - 50. Determine w(0).
70
Let a(p) be the second derivative of -7*p**4/12 + 5*p**3/6 - p**2/2 + 349*p + 1. Give a(2).
-19
Suppose -8469 + 8589 = -120*r. Let k(t) be the first derivative of t**3/3 + t**2/2 + t - 1. Determine k(r).
1
Let z(f) = 5*f - 31. Let r = -536 - -530. Let s(c) = -c + 2. Let l(d) = r*s(d) - z(d). Determine l(-13).
6
Let x be 15*1/4*(-8)/(-6). Let g be (-2 - x)*(6 - 5). Let l(k) = k**2 + 7*k - k**2 - 6*k**2 - k**3 - 1. Calculate l(g).
-1
Let b(d) be the third derivative of -d**5/60 + d**4/4 + d**3/6 + 4*d**2. Suppose 0 = -31*t + 174 - 81. What is b(t)?
10
Let b(t) be the first derivative of 34*t**2 - 1013*t + 3519. What is b(15)?
7
Let p(g) be the third derivative of g**4/8 - 19*g**3/2 + 1020*g**2. Determine p(16).
-9
Let g(j) be the second derivative of -j**4/24 + 4*j**3/3 - 2*j**2 + 2*j + 48. Let o(b) be the first derivative of g(b). Calculate o(6).
2
Let b = -1843 + 1838. Let g(a) be the second derivative of -a**6/240 - a**5/20 - a**4/12 - 7*a. Let w(u) be the third derivative of g(u). Calculate w(b).
9
Let l(h) = 8*h**2 - 2*h - 3. Suppose 4*y - 2 + 26 = 4*v, -4*v + 15 = 5*y. Let s be 2/(y - 14/(-2))*-6. Determine l(s).
33
Let l(d) = -2*d**2 + 9*d + 1. Let w(o) = o**2 - 5*o - 1. Let z(h) = 3*l(h) + 5*w(h). Let t be 232/(-18)*-3*3. Let i be t/20 + (-2)/(-10). Give z(i).
-26
Let y(k) = 25*k**3 - 5*k**2 - 19*k - 12. Let f(p) = 11*p**3 - 3*p**2 - 9*p - 6. Let s(a) = 9*f(a) - 4*y(a). Give s(-5).
-31
Let n be (-1540)/110*8/(-14). Let r(x) = 3*x - 2*x + 3*x - 5*x + 4. Calculate r(n).
-4
Suppose -5*h - 250 + 290 = 0. Let a = -19 - -29. Suppose a*s - h*s = -10. Let d(v) = 3*v + 6. Give d(s).
-9
Let p(w) = 3*w + 80. Suppose 235*m = -4845 - 795. Give p(m).
8
Let i = -396 - -394. Let h(z) = 2*z**3 + 2*z**2 - 3*z - 5. What is h(i)?
-7
Let d(r) = -9*r**2 + 3*r - 3. Let o(a) = -10*a**2 + 3*a - 3. Let w(f) = 6*d(f) - 5*o(f). Suppose -11*s + 6*s - 3*z + 27 = 0, -2*z = -2*s - 2. Give w(s).
-30
Let n(f) = -f**2 + 5*f + 10. Suppose -1254 + 3686 = -8*o. Let l = o + 311. What is n(l)?
-4
Let w(i) = 74*i**3 + 5*i**2 + 145*i + 28. Let x(g) = 53*g**3 + 3*g**2 + 97*g + 19. Let y(z) = 5*w(z) - 7*x(z). What is y(9)?
16
Let o(f) = f**2 - 3*f. Let u(x) = 7*x**2 - 12*x - 6. Let i(g) = -6*o(g) + u(g). Let w = 7 + -4. Suppose 3*z + 18 = -0*z - 2*y, 4*y + 18 = -w*z. Determine i(z).
-6
Let k = 289 - 248. Suppose -k*b = -48*b - 42. Let o(p) = p**3 + 8*p**2 + 7*p - 3. Calculate o(b).
27
Let t(j) = 2*j**2 - 93*j + 135. Let v be t(45). Let g(k) = -k**3 + 4*k**2 + k + 17. Let s(m) = -m**2 - 1. Let n(h) = g(h) + 5*s(h). Determine n(v).
12
Let b(f) = f**3 - f**2 - f + 4. Suppose 179 - 62 = 13*u. Suppose 0 = -u*w + 18 + 18. Let v(a) = -1. Let k(x) = w*v(x) + b(x). What is k(2)?
2
Suppose -6*f = -15*f + 27. Suppose 0 = -b - 4*w + 4 + 2, f*b - 26 = -4*w. Let n(g) = g - 7. Calculate n(b).
3
Let c(t) be the third derivative of t**5/30 - 29*t**4/24 - t**3/3 - t**2 + 17*t - 75. What is c(12)?
-62
Let r(h) = 77*h**2 - h. Let g be (0 + (-2)/(-10))*(540 - 545). Determine r(g).
78
Suppose 5*f + 6 = 2*m, 5*f - 3*f = -4*m + 12. Let t be (-16)/104 - ((-4)/26 - f). Suppose t = -z - 0*z - 6. Let n(p) = -p + 5. Give n(z).
11
Let l(i) be the third derivative of i**4/24 - 8*i**3/3 + 3*i**2 - 143*i. Calculate l(12).
-4
Let y(a) = -a**2 + 10*a - 12. Suppose 4*o = -3*z + 1583, z - 1 - 4 = 0. Suppose 32 = o*p - 388*p. Calculate y(p).
4
Let l(u) be the second derivative of u**4/12 - u**3 - 7*u**2/2 - 558*u. Calculate l(7).
0
Let u(k) be the first derivative of 11*k**2/2 + 74*k - 5011. Give u(-5).
19
Let t(r) = -r**3 - 7*r**2 - 6*r - 4. Let j = 333 - 285. Suppose -3*d + 17 = -k, -52*d + j*d = 3*k - 1. Determine t(k).
-24
Let z(p) = -18*p + 138. Suppose 3010*b = 2987*b + 184. Calculate z(b).
-6
Let b(v) = v**2 - 9*v - 2. Suppose 5*w = 4*w - 4*j + 3, 4*w - j = 29. Let z be (-5 - (-432)/42) + (-2)/w. Let p(k) = 2*k - 1. Let n be p(z). What is b(n)?
-2
Suppose 3*x - 12 - 12 = q, -x - 5*q = -24. Suppose -16 = x*b + 2. Let w(i) be the second derivative of i**4/4 - 3*i. Give w(b).
12
Let q(r) = r**2 - 7*r + 5. Let x = -2627 + 1860. Let t = x + 774. Calculate q(t).
5
Let g(j) = 6*j - 3. Let r(a) = 11*a - 7. Let z(f) = 2*f - 10. Let x be z(5). Suppose x = -2*p + 5*p + 15. Let n(w) = p*g(w) + 3*r(w). Determine n(4).
6
Let u(x) = x**2 - 8*x + 16. Let q(t) = t**2 + 177*t - 533. Let s be q(3). Give u(s).
9
Let c(b) be the second derivative of 9*b**2 + 20*b - 2 + 11/6*b**3 + 5/6*b**4 + 1/20*b**5. Give c(-9).
0
Let t = -23543 + 23533. Let n(o) = o**3 + o**2 - 90*o + 3. Determine n(t).
3
Suppose 68 - 13 = -4*t + c, -t - 20 = c. Let d be (-4)/3 - 110/t. Let a(s) = -s**3 + 6*s**2 + s - 3. Give a(d).
3
Let n(i) be the third derivative of -41*i**2 + 0 - 2/3*i**3 + 0*i - 1/60*i**5 + 0*i**4. Determine n(3).
-13
Let i(q) = q**2 - 7*q + 5. Let b(c) = -6*c - 4. Let f be b(-2). Let z be (-28)/(-6)*(-189)/(-14) - -2. Let j be f/(-10) - (-507)/z. Give i(j).
5
Let v = 8848 - 8843. Let m(w) = -1 - w**3 - w**2 - w - 4*w + 6*w**2 + w. Determine m(v).
-21
Suppose -323*s - 176 = -331*s. Let h(y) = 11*y**3 - 55*y**2 - 66*y - 1. Let d(t) = 4*t**3 - 18*t**2 - 22*t. Let k(a) = 8*d(a) - 3*h(a). Calculate k(s).
3
Let i(w) = 4558*w**3 - 2278*w**3 + 5*w**2 - 8*w - 6 - 2279*w**3. Determine i(-6).
6
Let p(s) = -254*s + 1. Let u(j) = 466*j - 2. Let z(n) = -11*p(n) - 6*u(n). Let v = -15 - -21. Calculate z(v).
-11
Let s be 22 + (-12)/18*3. Let n(m) = -s*m**2 - 11*m + 9*m**2 + 2 